 = -5*d + 3554 + 2903. What is the hundreds digit of d?
2
Suppose -9*d = -8*d - 1243. What is the units digit of d?
3
Suppose 2*a - 20 = 4*g, 5*g - 4 = 4*a - 32. Let q be 38 - (a - 5) - -3. Suppose 4*m - 96 = q. What is the tens digit of m?
3
Let l = 18 + 9. Let w be (-3)/(-12) - l/(-4). Suppose 132 = w*y - 148. What is the tens digit of y?
4
Let y(s) = s**2 + 12*s + 4. Let z be y(-12). Suppose m = -0*g - 2*g + 164, 0 = -z*m. What is the units digit of g?
2
Let b be ((-3)/2)/(-1)*(-10)/15. Let x(j) be the second derivative of 35*j**4/12 + j**2/2 + j. What is the units digit of x(b)?
6
Let v = -6 - -9. Suppose 0 = v*y - 162 - 12. Suppose 0 = -t - j + 13, j - 3*j = 4*t - y. What is the tens digit of t?
1
Let a(u) = -2*u**3 - 3*u**2 + u - 7. Let g be a(-3). Let j(f) = -f**3 + 17*f**2 + 2*f - 4. What is the tens digit of j(g)?
3
Let p = -2031 + 2354. What is the hundreds digit of p?
3
Let k(z) = z - 4. Suppose 0 = 2*h - 16 + 2. Let f be k(h). What is the units digit of ((-600)/18)/((-2)/f)?
0
Let a be (-30)/9*(-48)/40. Suppose -2 + 138 = a*f. What is the units digit of f?
4
Let z = 41 + -31. Suppose -g = g - z. What is the units digit of g?
5
Suppose i + 4 = -3*i. Let v(x) = -280*x - 4. What is the tens digit of v(i)?
7
Let r(p) = -p**3 + p + 99. What is the units digit of r(0)?
9
Let f(n) = 12*n - 1. What is the tens digit of f(6)?
7
Let q = 33 + -31. Let n(d) = 12*d - 8. What is the units digit of n(q)?
6
What is the units digit of 6/48 + 30595/40?
5
Let j(w) = w**2. Let y be j(-1). Let l(x) = x + 1. Let q be l(y). What is the units digit of (-1 + q)/(9/18)?
2
Let y = 70 - 49. Suppose -a + y = 18. Suppose -a*w = -6 - 0, k - 14 = -w. What is the units digit of k?
2
What is the units digit of (-128)/(-5)*(-130)/(-13)?
6
Suppose -11*c = -15*c + 4. What is the hundreds digit of (2 - (2 + c))*(-369)/3?
1
Suppose 23*z - 19*z = 0. Suppose -7*c = -z*c - 623. What is the tens digit of c?
8
Suppose 5*z = 4*l + 15, 0 = -2*z + 2 - 4. Let c(j) = -j**2 - 4*j + 7. Let b be c(-5). What is the units digit of (-248)/(-8) - (l + b)?
4
What is the units digit of ((-796)/(-7))/((-10)/(-35))?
8
Let l(g) = -14*g + 4. Let a be 3/2*(-10)/3. Let r be l(a). Suppose -r - 41 = -5*v. What is the tens digit of v?
2
Suppose 3 = -4*w - 17. Let q = w - 0. Let h(s) = -s**3 - 4*s**2 - 4*s - 2. What is the tens digit of h(q)?
4
Suppose 2*n = 4*f - 360, 5*f = 2*f - 3*n + 270. Suppose -2*o - f = -2*c - 2*c, -2*c - 4*o = -60. What is the units digit of c?
4
Let c = 94 + -89. Let w(k) = 52*k + 16. What is the tens digit of w(c)?
7
Suppose 0*z + 2230 = 5*o - 5*z, -o = -2*z - 443. What is the tens digit of o?
4
Let a(d) = d**3 - d - 4. Let r be a(3). Suppose -4*u = 4*y - r, 3*u - 9 = 2*y + y. Suppose u*z = -z + 40. What is the units digit of z?
8
Let g(t) = -t**3 + 21*t**2 - 23*t + 15. What is the units digit of g(10)?
5
Let n(p) = 2*p - 3*p**2 + 4 + 2*p + 8*p - 16. Let x(w) = -2*w**2 + 11*w - 11. Let k(f) = 3*n(f) - 4*x(f). What is the units digit of k(-8)?
8
Suppose 0 = -6*r + 3*r - 3*z + 702, -2*r - 3*z = -471. What is the hundreds digit of r?
2
Let v = -1804 - -3273. What is the tens digit of v?
6
Let z(g) = 4*g**2 - g + 2. Let r(p) = -p**2 - 7*p + 16. Let n be r(-9). What is the units digit of z(n)?
0
What is the tens digit of (-26)/143 + ((-2292)/(-22) - 3)?
0
Suppose -11*t + 14*t = -18. What is the units digit of (2*(-1)/t)/(10/4350)?
5
Let h(c) = c + 1. Let d(x) = -21*x + 55. Let t(v) = -d(v) + 5*h(v). What is the tens digit of t(6)?
0
Suppose 0 = -w - 3*r + 114, 4*r = 3*w - 205 - 150. What is the tens digit of w/2 - 2/4?
5
Let z = -25 - 9. Let x be 10/(-85) - 1432/z. Suppose -96 = -6*v + x. What is the units digit of v?
3
Suppose 3*j = 2*j - 5*t + 8, 2*t + 1 = -j. Let d(c) = -c**3 - 7*c**2 + 7. What is the units digit of d(j)?
7
Suppose 5*b + 27 = -3*s + 457, -3*b = -3*s - 234. Let m be (1/1)/(1/b). Let u = m - 50. What is the units digit of u?
3
What is the hundreds digit of -2 + 6 - (-553)/1?
5
Let a(k) = k**2 + 10*k + 85. What is the tens digit of a(-18)?
2
Let d = -1058 - -1744. What is the tens digit of d?
8
What is the tens digit of (-47)/2*1150/(-69)*9?
2
Let n = -261 - -876. What is the hundreds digit of n?
6
Let d = -9 - 8. Let f = d + 22. Suppose f*q - 2*n - 59 = -0*n, -2*n = 2*q - 18. What is the tens digit of q?
1
Suppose 0 = -6*n - 696 + 6522. What is the hundreds digit of n?
9
Let n = 27 - 40. Let w = n + 32. Suppose -w = -v - 8. What is the tens digit of v?
1
Let u be 2*(62/(-28) - 6/21). What is the hundreds digit of (644/10)/((-2)/u)?
1
What is the tens digit of (-15)/(-6) + (-6)/((-36)/18219)?
3
Let n = 2097 + -974. What is the units digit of n?
3
Suppose -47*r + 3523 + 2963 = 0. What is the tens digit of r?
3
Let r = 213 + -17. Suppose 2*a + o = r, 0*a + o + 299 = 3*a. What is the tens digit of a?
9
Let k = 2026 - 1011. What is the units digit of k?
5
Let b(y) = 208*y**2 + 3*y - 2. What is the hundreds digit of b(-3)?
8
What is the tens digit of 97*((5 - 8) + 4)?
9
Let t(j) = -j + 9. Let p be t(7). Let s be (18/(-30))/(p/(-10)). What is the tens digit of 56/s - (-6)/18?
1
What is the tens digit of (-280)/112 - 5438/(-4)?
5
Let j(k) = k**2 + 8*k. Let b be j(-9). Suppose 3*p = 6 + b, 5*a - 190 = 4*p. What is the units digit of a?
2
Suppose -3*h + 15*h - 3012 = 0. Let q = h + -179. What is the units digit of q?
2
Suppose 0 = -2*f + 3*a + 153, 0*f + 3*f - 4*a = 230. Suppose 28*l - 30*l = -f. What is the tens digit of l?
3
Let y = 3171 - 1759. What is the tens digit of y?
1
Let s(v) = v**2 + 5*v - 8. Let y be s(-7). Suppose 142 = 6*n - 3*n - 2*a, y = -3*a. What is the tens digit of n?
4
Let y(n) = -n**3 + 7*n**2 + 5*n + 8. Let l(h) = -h**2. Let s(w) = w + 2. Let c be s(-5). Let a(q) = c*l(q) + y(q). What is the tens digit of a(10)?
5
Suppose -5*z = 4*n - 1404, 2*n - 728 = 6*z - 2*z. What is the hundreds digit of n?
3
Suppose l = 3*j + 4*l - 120, -2*l = 5*j - 206. Let s = j - 28. What is the tens digit of (-4)/s - (-430)/35?
1
Suppose -4*a + 2 = 22, -3*a = 3*g + 9. Suppose -2*h + 5*h - 232 = g*j, -2*j + 148 = 2*h. What is the tens digit of h?
7
Suppose 0 = h - 5*a - 281, 12*h + 2*a - 1513 = 7*h. What is the units digit of h?
1
Let r(z) be the first derivative of 0*z - 1 - 1/2*z**2. What is the units digit of r(-1)?
1
Let v be 9/4 + 2/(-8). Suppose -p + 0 = -1, d + 1 = v*p. What is the units digit of d?
1
Let x(k) be the second derivative of k**4/4 + 5*k**3/6 + 3*k**2 + 36*k. What is the tens digit of x(3)?
4
Let v = 3993 - 2302. What is the hundreds digit of v?
6
Let d = 30 - 34. What is the tens digit of (-2)/(d/38) + 14 + -10?
2
Let t = -73 - -80. Suppose -279 - 386 = -t*i. What is the tens digit of i?
9
Let r be (6 + -7)/((-1)/(-21)). Let p be (-9)/r + 534/(-21). What is the units digit of 1/2 - p/2?
3
Let k = 718 - -3. What is the units digit of k?
1
Let m(i) = -3*i**3 - 3*i**2 + 7*i - 21. Let x be m(-8). Suppose 0 = 4*g + 3*g - x. What is the hundreds digit of g?
1
Let s be 6/(1 - (-78)/(-82)). Suppose 3*v = 69 + s. Suppose 0 = -3*u + v - 4. What is the units digit of u?
0
Let u(w) = -34*w**2 + w - 6. Let d(t) = 33*t**2 - t + 5. Let x(h) = 5*d(h) + 4*u(h). What is the tens digit of x(-1)?
3
Let p be 5/(-5) - 189/(-3). Let n = -29 + p. What is the tens digit of 2*n/3 + 1?
2
Suppose 0 = 24*j - 38*j + 20734. What is the thousands digit of j?
1
Suppose 0 = -9*p + 7169 - 2048. What is the tens digit of p?
6
Suppose 5*a - 3*n + 93 = 4*a, 5*n = 5. Suppose -320 = 5*d + 365. Let t = a - d. What is the tens digit of t?
4
Suppose -p - 18 = -u, -2*p + 0*p = -3*u + 33. Let g = p + 65. What is the tens digit of g?
4
Suppose -p = -5*p - 260. Let s be 154/5 + (-13)/p. Suppose 2*r + 15 + s = 2*u, -110 = -4*u - 5*r. What is the units digit of u?
5
Suppose -878 + 14228 = 6*z. What is the units digit of z?
5
Let z = 150 - 93. What is the units digit of z?
7
What is the tens digit of -1 + -5 - (-5 + -495)?
9
Let k be 1 - ((-38)/(-1))/2. Let j = 131 + -143. Let q = j - k. What is the units digit of q?
6
Let w be (-1)/((4/(-16))/(-1)). What is the units digit of 9*(w/(-18))/((-4)/(-222))?
1
Let z = -67 + 107. What is the tens digit of (80/z)/((-4)/(-218))?
0
Suppose 5*w = -5*d + 3630, d - w - 3606 = -4*d. What is the tens digit of d?
2
Let n(r) = 17*r**3 + r**2 + 3*r - 2. Let y 